{"id":153,"date":"2018-06-22T10:31:12","date_gmt":"2018-06-22T08:31:12","guid":{"rendered":"https:\/\/crezalia.es\/blog\/?page_id=153"},"modified":"2018-06-22T10:31:42","modified_gmt":"2018-06-22T08:31:42","slug":"politica-de-privacidad","status":"publish","type":"page","link":"https:\/\/crezalia.es\/blog\/politica-de-privacidad\/","title":{"rendered":"Pol\u00edtica de privacidad"},"content":{"rendered":"<hr \/>\n<p><strong>CREZALIA<\/strong> es consciente de la importancia de la privacidad de los datos de car\u00e1cter personal y por ello, ha implementado una pol\u00edtica de tratamiento de datos orientada a proveer la m\u00e1xima seguridad en el uso y recogida de los mismos, garantizando el cumplimiento de la normativa vigente en la materia.<\/p>\n<p>Esta pol\u00edtica se aplica a (i) nuestro sitio web y sus respectivos formularios (en lo sucesivo, conjuntamente denominadas como el &#8220;Sitio Web&#8221;), y, (ii) en general, a todas las relaciones comerciales entre sus clientes y usuarios., configur\u00e1ndose como uno de los pilares b\u00e1sicos en las l\u00edneas de actuaci\u00f3n de la entidad. En este documento explicamos c\u00f3mo utilizamos los datos personales de los usuarios.<\/p>\n<h4>\u00bfQui\u00e9n es el Responsable del tratamiento de sus datos?<\/h4>\n<p>El responsable del tratamiento de los datos que recabamos es <strong>CREZALIA EMPRESARIAL S.L<\/strong> (en adelante, &#8220;CREZALIA&#8221;) con CIF B98404593 y domicilio social en C\/ Callosa D&#8217;en Sarria 2-d 1 2, c\u00f3digo postal 46007 de Valencia. Puede contactar con la entidad, bien a trav\u00e9s del correo electr\u00f3nico <a href=\"mailto:privacidad@crezalia.com\" target=\"_blank\" rel=\"noopener\">privacidad@crezalia.com<\/a>.<\/p>\n<h4>\u00bfQu\u00e9 datos personales recabamos y con qu\u00e9 finalidad los tratamos?<\/h4>\n<p>Cualquier dato personal que nos facilite al visitar nuestro Sitio Web o durante la prestaci\u00f3n de los servicios, ser\u00e1 tratado de conformidad con la legislaci\u00f3n aplicable en materia de protecci\u00f3n de datos a nivel europeo y s\u00f3lo ser\u00e1n recogidos, tratados y utilizados para fines l\u00edcitos, leg\u00edtimos e informados.<\/p>\n<p>Con car\u00e1cter general, informaremos a todos los usuarios el car\u00e1cter no obligatorio de la recogida de determinados datos de car\u00e1cter personal, salvo en los campos que se indique lo contrario. No obstante, la no cumplimentaci\u00f3n de dichos datos podr\u00e1 impedir prestar todos aquellos Servicios vinculados a tales datos, liber\u00e1ndonos de toda responsabilidad por la no prestaci\u00f3n o prestaci\u00f3n incompleta de estos servicios.<\/p>\n<p>A continuaci\u00f3n, detallamos que informaci\u00f3n recopilamos y para qu\u00e9 finalidades:<\/p>\n<ul>\n<li><i>Informaci\u00f3n proporcionada por el usuario de forma directa para recibir los servicios de la empresa<\/i>: al cumplimentar los formularios oportunos, recabaremos datos como el nombre, correo electr\u00f3nico, n\u00famero de tel\u00e9fono, direcci\u00f3n postal. Asimismo, como medida de seguridad para el control de los tratamientos sobre los datos, se registra la creaci\u00f3n, modificaci\u00f3n y eliminaci\u00f3n de datos con informaci\u00f3n del nombre del usuario y la fecha de tratamiento.<\/li>\n<li><i>Informaci\u00f3n de las Newsletters<\/i>: como usuario registrado o por el mero hecho de solicitarnos alg\u00fan tipo de informaci\u00f3n, ser\u00e1s suscrito a nuestro bolet\u00edn de noticias. Por lo que recibir\u00e1s informaci\u00f3n sobre nuestros productos y servicios, y\/o informaci\u00f3n que resulte de utilidad e inter\u00e9s.<\/li>\n<li><i>Informaci\u00f3n proporcionada por el usuario de forma directa para formar parte de la comunidad de talentos<\/i>: al cumplimentar el formulario para formar parte de nuestros profesionales, recabaremos datos como el nombre, correo electr\u00f3nico, n\u00famero de tel\u00e9fono, direcci\u00f3n postal para evaluarte como proveedor y poder derivarte los proyectos. No obstante, cualquier profesional que env\u00ede su informaci\u00f3n personal, deber\u00e1 leer, comprender y aceptar las condiciones de nuevos candidatos.<\/li>\n<\/ul>\n<p>En consecuencia, la uni\u00f3n de esta informaci\u00f3n, m\u00e1s toda aquella sea facilitada posteriormente por el usuario, nos permitir\u00e1:<\/p>\n<ul>\n<li>Poder prestarte los servicios, y en su caso, facturarlos. Permitiendo el acceso a las opciones requeridas en el registro, para lo que el Usuario atender\u00e1 a las condiciones particulares establecidas.<\/li>\n<li>Con car\u00e1cter general, tratar los datos para llevar a cabo todas las actividades necesarias para gestionar el uso del Sitio Web y la cuenta de los Usuarios para poder prestar el acceso a los servicios necesarios.<\/li>\n<li>Ofrecer a los usuarios servicios relacionados con el uso del Website y comunicar o notificar a los usuarios los acuerdos comerciales a los que consiga llevar a buen t\u00e9rmino <strong>CREZALIA<\/strong>.<\/li>\n<li>Contestar consultas o solicitudes de informaci\u00f3n realizadas.<\/li>\n<li>Verificar la inexistencia de actuaciones fraudulentas o contrarias a los T\u00e9rminos y Condiciones de Uso del Sitio Web o las pol\u00edticas de privacidad y cookies de <strong>CREZALIA<\/strong>, pudiendo eliminar justificadamente a cualquier usuario que las incumpla.<\/li>\n<li>Realizar estudios de mercado para uso interno y totalmente an\u00f3nimo, segmentando por localizaci\u00f3n geogr\u00e1fica, as\u00ed como elaboraci\u00f3n de perfiles e informes estad\u00edsticos y de investigaci\u00f3n relacionados con la actividad del usuario durante la navegaci\u00f3n en el Sitio Web, o su participaci\u00f3n en acciones comerciales, publicitarias o promocionales.<\/li>\n<\/ul>\n<h4>Utilizaci\u00f3n de cookies<\/h4>\n<p><strong>CREZALIA<\/strong> informa de las Cookies presentes en el Website que facilitan la utilizaci\u00f3n y navegaci\u00f3n a trav\u00e9s del mismo. Estas cookies est\u00e1n asociadas a un ordenador y con un navegador determinado. Por medio de ellas, <strong>CREZALIA<\/strong> puede reconocer en los navegadores de los Usuarios que se han registrado por primera vez y por lo tanto que no es necesario que se vuelvan a registrar en cada visita y por lo tanto que puedan acceder a las \u00e1reas y servicios privados reservados para ellos.<\/p>\n<p>Puedes configurar tu navegador para poder ser avisado en pantalla de la recepci\u00f3n de cookies e impedir que dichas cookies sean instaladas en tu disco duro. Por favor, consulta las instrucciones y manuales de su navegador para ampliar esta informaci\u00f3n. Para la utilizaci\u00f3n del WEBSITE, no es necesario que permitas la instalaci\u00f3n de las cookies enviadas por <strong>CREZALIA<\/strong>, en ese caso ser\u00e1 necesario que cada vez que acceda a un servicio tenga que registrarse y por lo tanto no pueda acceder a algunos de los servicios ofrecidos.<\/p>\n<p>CREZALIA no utiliza t\u00e9cnicas de &#8220;spamming&#8221; y s\u00f3lo utilizar\u00e1 los datos obtenidos en los formularios del Website, correos electr\u00f3nicos u otros contenidos facilitados en los servicios del WEBSITE. De todos modos, debes de consultar nuestra pol\u00edtica de cookies para obtener m\u00e1s informaci\u00f3n sobre el uso de esta tecnolog\u00eda y conocer para que finalidades y que cookies utilizamos.<\/p>\n<h4>\u00bfA qu\u00e9 destinatarios se comunicar\u00e1n sus datos?<\/h4>\n<p>Por regla general, sus datos no ser\u00e1n comunicados a ning\u00fan tercero sin contar con su consentimiento expreso.<\/p>\n<p>En cambio, para poder realizar el tratamiento de datos oportuno para poder ofrecer el servicio de financiaci\u00f3n, requiere que los datos personales recopilados sean comunicados a los diferentes partnes para poder realizar la valoraci\u00f3n y evaluaci\u00f3n del proyecto, por ello el usuario que quiera que se valore esta opci\u00f3n consiente expresamente a que se comuniquen los datos a las diferentes entidades bancarias con las que mantenemos acuerdos comerciales \u00fanica y exclusivamente con la finalidad de evaluar la viabilidad econ\u00f3mica de la financiaci\u00f3n.<\/p>\n<p>El resto de datos recopilados por <strong>CREZALIA<\/strong> en ning\u00fan caso ser\u00e1n proporcionados a terceros externos sin contar con el consentimiento de su titular salvo obligaci\u00f3n legal.<\/p>\n<h4>\u00bfPor cu\u00e1nto tiempo conservaremos sus datos?<\/h4>\n<p>Los datos ser\u00e1n conservados hasta que se produzca su baja como usuario de Sitio Web o los datos ya no sean necesarios para los fines que fueron recogidos y posteriormente por el m\u00e1ximo de tiempo legalmente permitido para el cumplimiento de obligaciones legales.<\/p>\n<h4>\u00bfCu\u00e1les son sus derechos cuando nos facilita sus datos?<\/h4>\n<p>El usuario podr\u00e1 ejercitar sus derechos de acceso, rectificaci\u00f3n oposici\u00f3n y cancelaci\u00f3n, as\u00ed como el derecho de acceso, limitaci\u00f3n del tratamiento, supresi\u00f3n, portabilidad o la posibilidad de revocar su consentimiento, dirigiendo comunicaci\u00f3n por escrito a <strong>CREZALIA<\/strong> en la direcci\u00f3n arriba indicada o a trav\u00e9s de la direcci\u00f3n de correo electr\u00f3nico <a href=\"mailto:privacidad@crezalia.com\" target=\"_blank\" rel=\"noopener\">privacidad@crezalia.com<\/a>. La petici\u00f3n deber\u00e1 incluir nombre, apellidos, copia de su DNI, direcci\u00f3n, derecho que desea solicitar y contenido de su petici\u00f3n.<\/p>\n<p>Recuerda, adem\u00e1s, puedes presentar reclamaci\u00f3n ante la autoridad de control si no est\u00e1s satisfecho con nuestra respuesta al ejercicio de tus derechos.<\/p>\n<h4>\u00bfNo desea recibir informaci\u00f3n de nosotros o desea revocar su consentimiento?<\/h4>\n<p>Cualquier usuario puede oponerse al uso de su informaci\u00f3n para fines publicitarios, investigaciones de mercado o desarrollo de encuestas de satisfacci\u00f3n, as\u00ed como revocar su consentimiento en cualquier momento (sin efecto retroactivo). Para ello, deber\u00e1 enviar un correo electr\u00f3nico a la direcci\u00f3n <a href=\"mailto:privacidad@crezalia.com\" target=\"_blank\" rel=\"noopener\">privacidad@crezalia.com<\/a>. Cuando reciba publicidad por correo electr\u00f3nico o informaci\u00f3n a trav\u00e9s de las Newsletters de <strong>CREZALIA<\/strong>, tambi\u00e9n podr\u00e1 oponer desde dicho correo electr\u00f3nico, pinchando en el enlace incluido en el mismo y siguiendo las instrucciones que le sean facilitadas.<\/p>\n<h4>Cambios a la Pol\u00edtica de Privacidad<\/h4>\n<p>Nuestra Pol\u00edtica de Privacidad podr\u00e1 sufrir actualizaciones, debidas a cambios y necesidades legales, as\u00ed como debidas a mejoras y cambios incluidos en la forma de ofrecer y prestar nuestros servicios y utilidades de la aplicaci\u00f3n. Por ello, le recomendamos que visite y acceda a nuestra Pol\u00edtica de Privacidad peri\u00f3dicamente, para poder tener acceso y conocer los \u00faltimos cambios que hayan podido ser incorporados. En caso de que dichos cambios guarden relaci\u00f3n con el consentimiento prestado por el usuario, le ser\u00e1 enviada una notificaci\u00f3n independiente y por separado para recabarlo nuevamente.<\/p>\n<p>Si durante la lectura le ha surgido alguna duda o cuesti\u00f3n sobre nuestra Pol\u00edtica de Privacidad o quiere ejercitar alg\u00fan derecho o acci\u00f3n relativa a sus datos personales, por favor p\u00f3ngase en contacto con nosotros en la siguiente direcci\u00f3n de correo electr\u00f3nico <a href=\"mailto:privacidad@crezalia.com\" target=\"_blank\" rel=\"noopener\">privacidad@crezalia.com<\/a>.<\/p>\n<!-- AddThis Advanced Settings generic via filter on the_content --><!-- AddThis Share Buttons generic via filter on the_content -->","protected":false},"excerpt":{"rendered":"<p>CREZALIA es consciente de la importancia de la privacidad de los datos de car\u00e1cter personal y por ello, ha implementado una pol\u00edtica de tratamiento de datos orientada a proveer la m\u00e1xima seguridad en el uso y recogida de los mismos, garantizando el cumplimiento de la normativa vigente en la materia. Esta pol\u00edtica se aplica a [&hellip;]<!-- AddThis Advanced Settings generic via filter on get_the_excerpt --><!-- AddThis Share Buttons generic via filter on get_the_excerpt --><\/p>\n","protected":false},"author":2,"featured_media":0,"parent":0,"menu_order":0,"comment_status":"closed","ping_status":"closed","template":"","meta":[],"yoast_head":"<!-- This site is optimized with the Yoast SEO plugin v15.9.2 - https:\/\/yoast.com\/wordpress\/plugins\/seo\/ -->\n<title>Pol\u00edtica de privacidad - Blog de Crezalia<\/title>\n<meta name=\"robots\" content=\"index, follow, max-snippet:-1, max-image-preview:large, max-video-preview:-1\" \/>\n<link rel=\"canonical\" href=\"https:\/\/crezalia.es\/blog\/politica-de-privacidad\/\" \/>\n<meta name=\"twitter:label1\" content=\"Tiempo de lectura\">\n\t<meta name=\"twitter:data1\" content=\"8 minutos\">\n<!-- \/ Yoast SEO plugin. -->","_links":{"self":[{"href":"https:\/\/crezalia.es\/blog\/wp-json\/wp\/v2\/pages\/153"}],"collection":[{"href":"https:\/\/crezalia.es\/blog\/wp-json\/wp\/v2\/pages"}],"about":[{"href":"https:\/\/crezalia.es\/blog\/wp-json\/wp\/v2\/types\/page"}],"author":[{"embeddable":true,"href":"https:\/\/crezalia.es\/blog\/wp-json\/wp\/v2\/users\/2"}],"replies":[{"embeddable":true,"href":"https:\/\/crezalia.es\/blog\/wp-json\/wp\/v2\/comments?post=153"}],"version-history":[{"count":2,"href":"https:\/\/crezalia.es\/blog\/wp-json\/wp\/v2\/pages\/153\/revisions"}],"predecessor-version":[{"id":155,"href":"https:\/\/crezalia.es\/blog\/wp-json\/wp\/v2\/pages\/153\/revisions\/155"}],"wp:attachment":[{"href":"https:\/\/crezalia.es\/blog\/wp-json\/wp\/v2\/media?parent=153"}],"curies":[{"name":"wp","href":"https:\/\/api.w.org\/{rel}","templated":true}]}}